 (12/z)/(2/b). Let n(w) = w**2 + 5*w + 3. Determine n(c).
-3
Let o = -57 + 58. Let d(g) = g**2. Let n(z) = z**3 + 3*z**2 + z. Let c(v) = -5*d(v) + n(v). What is c(o)?
0
Let j(q) = q**2 - 17*q - 23. Let l be j(18). Let t(f) = -f**2 - 5*f + 5. Give t(l).
5
Let g(f) = -f**3 + f**2 - 3*f + 3. Let p = -1 - -3. What is g(p)?
-7
Suppose 2*u + t = -0*t - 2, 0 = u - t + 7. Let x(m) = 2*m + 3. Give x(u).
-3
Let g(a) be the third derivative of a**4/12 - a**3/2 - 38*a**2. Determine g(-4).
-11
Suppose 0 = -z + k + 4, 3*z - 4*k - 14 = z. Let g(m) = z - 1 + m**2 + 1. Let x(c) = 5*c**2 - 2. Let s(o) = 3*g(o) + x(o). Give s(-1).
9
Let g(r) = 12*r**2 - 9*r - 13*r**2 - 38 + 34. Calculate g(-5).
16
Let c(p) = -p**3 - p**2 - p + 5. Suppose 0 = -9*g + 5*g. Determine c(g).
5
Let l(w) = 11*w. Let y(s) = -21*s. Let f(b) = 7*l(b) + 4*y(b). Calculate f(-1).
7
Let t(q) be the first derivative of -q**6/120 - q**5/15 - q**4/6 - q**3/3 + 4*q**2 + 3. Let v(i) be the second derivative of t(i). Give v(-4).
14
Suppose m + 1 = 3. Let h(l) = -l + m*l**2 + 1 - l**2 - 4*l - 5. Give h(5).
-4
Let g(d) be the first derivative of -d**3/3 - 7*d**2/2 - 2*d + 3. Determine g(-6).
4
Suppose -3*w + 2*f = -f - 3, -3*w - f = 5. Let k(s) = 3*s**2 + 1. What is k(w)?
4
Let m(h) = -2*h**2 - h + 1. Let c be m(-2). Let z(i) = 1 - 5*i**2 - 3*i + 6*i**2 + 8*i - 7. What is z(c)?
-6
Let j(i) = -4*i + 3. Let m(p) = -2*p + 2 + p - 1. Let c(l) = -2*j(l) + 7*m(l). Calculate c(5).
6
Let c = -11 + 18. Let d(y) = -y + c + y + y. Calculate d(-6).
1
Let x = -15 - -18. Suppose x = 2*c + 9. Let k(m) = 2*m + 4. Determine k(c).
-2
Let q(w) be the second derivative of 1/12*w**4 + 0 - w**3 - 7*w + 0*w**2. What is q(6)?
0
Let z(t) = 5*t - 2. Suppose -3*v + 17 = 2*v - n, 0 = -3*v + 3*n + 15. Determine z(v).
13
Let h = 9 + -11. Let w be 2*(1 + h) - -4. Let c be (2/w - -2)*1. Let j(g) = g**2 - g - 3. Calculate j(c).
3
Let x(l) = -l**3 - 5*l**2 - 2*l. Let d be x(-2). Let y = 13 + d. Suppose -v - y = 4*r, -2*r - 1 = -v + 2*v. Let m(t) = -3*t - 3. What is m(r)?
3
Let p(w) = -w**2 - 6*w - 7. Let m(n) = -2*n**3 + 8*n**2 - 2*n + 2. Let a be m(4). Give p(a).
-7
Suppose 21 = 5*c + 4*t, -t = -3*c - 3*t + 11. Let a(o) = -2*o**2 + o - 1. Determine a(c).
-2
Let g(d) be the third derivative of d**6/120 - d**5/12 + d**4/3 - 4*d**2. Let a(z) = -z**3 + 5*z**2 - 7*z. Let y(n) = -5*a(n) - 4*g(n). Give y(2).
-6
Let n(o) = -o + 3*o**3 + 3 + 3*o**3 - o**2 - 5*o**3. Let w be n(0). Let h(s) = s - 3. Determine h(w).
0
Let g be (-12)/(-2) - (-16)/(-4). Let k(x) = 0*x**2 + 3 - 2*x**2 + 0*x + x**3 - 3*x. Determine k(g).
-3
Let r(l) = l**3 - 5*l**2 + l - 5. Suppose 4*p - 8 = 2*n, 0 = 4*p + 2*n - 18 - 6. Determine r(p).
-17
Let k(h) be the second derivative of 0 + h**3 - 2*h**2 - 4*h + 1/12*h**4. Calculate k(-3).
-13
Let m(o) = -o**3 + 5*o**2 + 7*o - 9. Let h be (8/10)/(2/15). Calculate m(h).
-3
Let y(k) = k - 5. Suppose w = -0*f - 4*f - 5, -2*f - 5*w - 25 = 0. Suppose f = 2*o - 10. Calculate y(o).
0
Let v(g) = 51*g**2 - 52*g**2 + 10*g - 3*g + 4. What is v(6)?
10
Let y(j) be the first derivative of j**4/24 - 3*j**3/2 - j**2/2 - 1. Let m(c) be the second derivative of y(c). What is m(4)?
-5
Let x(w) = -w**2 + 2*w - 1. Let y(u) = u**2 - u + 8. Let t be y(0). Suppose -4*q = -0 + t. Calculate x(q).
-9
Let d(z) = 4*z - 4*z - z**2 + 4*z + 3*z - 6. Determine d(5).
4
Let y(r) = -r**2 + r + 2. Let p(a) = a**2 + 14*a + 2. Let o be p(-14). What is y(o)?
0
Let o = -4 - -5. Let v be 3/o + -5 - 1. Let r be 1*(-1 + v)*-1. Let a(k) = -k**3 + 6*k**2 - 7*k + 4. Determine a(r).
8
Let m(o) be the second derivative of -2*o**3/3 + 3*o**2/2 - 3*o. Suppose 2*j = 6*j - 4*b - 16, b + 8 = 3*j. Give m(j).
-5
Suppose -3*h + h = -6. Suppose -t = 2*t - h. Let j(x) = 3*x**2 - 3 + 2*x**3 + t - 4*x**3. Calculate j(2).
-6
Let z(t) = -3*t**2 + 0*t - 2 + t + 0*t**2 - 3*t. Determine z(-2).
-10
Let c(n) = n + 8. Let t(z) = z**3 - 7*z**2 + 4*z + 6. Suppose s + 5 = 4*w - 5, 5*s = 2*w + 22. Let d be t(s). What is c(d)?
2
Let z(g) be the first derivative of -7*g + 5 - 1/2*g**2. Determine z(-6).
-1
Suppose -6*r - 5*a = -3*r + 32, 4*a + 24 = -2*r. Let y(b) = -b - 4. Give y(r).
0
Let q = 3 - -1. Suppose 10 = -3*b - q*l, -l = -b + 3*b. Let y(j) = -1 + 1 + 4 - j - b. What is y(0)?
2
Let q(y) = y - 1. Let s be q(2). Let p(u) = 8*u + 7 + s + u**3 - 2 + 7*u**2. Determine p(-6).
-6
Let q(f) = 0*f - f**3 - 5*f**2 - f + 0*f**3. Let g be q(-5). Let u(t) = 5 - g + t**3. Determine u(2).
8
Let v = -51/2 + 26. Let b(n) be the first derivative of 1/3*n**3 + v*n**2 + 3 + 0*n. Calculate b(2).
6
Let t(s) be the second derivative of s**6/120 - s**5/15 + s**4/12 + s**3/3 + s**2 + 3*s. Let l(r) be the first derivative of t(r). Calculate l(2).
-2
Let u(m) = -31*m - 11*m**3 + 31*m. What is u(-1)?
11
Let x(m) = m**3 - 6*m**2 + 5*m + 6. Let y be (-178)/12 - 3/18. Let t be (-9)/y - 66/(-15). Give x(t).
6
Suppose -4*u + 36 = -4*d, 5 = d + 4*u - 1. Let x(f) = f**3 + 5*f**2 - 5*f + 8. Give x(d).
2
Suppose 0 = o - 0*i + 5*i + 1, -3*i - 49 = 5*o. Let d(j) = j**3 + 4*j**2. Let w(k) = -5*k**3 - 21*k**2 - k. Let n(l) = o*d(l) - 2*w(l). Calculate n(-3).
3
Let s(f) = -f + 4. Let o be 50/13 + 8/52. Determine s(o).
0
Let r = -1 - 3. Let n(p) = 4*p**2 + 7*p + 8. Let k(b) = -9*b**2 - 15*b - 17. Let u(h) = 3*k(h) + 7*n(h). Determine u(r).
5
Let v(g) = -g**2 + 7*g - 8. Let n be v(6). Let f = n + 4. Let m(i) = -4 + 4*i**f + 2*i**3 - i**3 + 0*i**3. Give m(-4).
-4
Let m(t) be the second derivative of -11*t**3/6 - 12*t**2 + t. Let c be (-5)/(-2)*(-130)/(-25). Let d(a) = 5*a + 12. Let b(q) = c*d(q) + 6*m(q). Determine b(5).
7
Let x(l) = -2*l + 3. Suppose u = 3*f + 6*u + 31, -3*f - 11 = u. Let i be f/(-2)*25/5. Determine x(i).
-7
Let q(m) = 9*m**2 - 1. Let a(o) = o**3 + o**2 - o - 1. Let p be a(0). What is q(p)?
8
Let d(i) be the second derivative of -i**5/10 + i**4/4 - i**3/3 - 7*i. Give d(2).
-8
Let m = -1 - 0. Let k(n) = 7*n**3 - 2*n**2 + 1. What is k(m)?
-8
Let t(b) be the first derivative of -b**3/3 + 3*b**2/2 + 7*b + 1. Suppose 2*a + u - 6 = -0*u, 5*u = a - 25. Give t(a).
-3
Let l(k) = -k**3 + 9*k**2 + 11*k - 15. Let n be l(10). Let c(f) = f**3 + 3*f**2 - 6*f + 7. Calculate c(n).
-13
Let o be 6 + (-1 - 2) + 3. Let a = -5 + o. Let k(z) = -4*z**2 - z + 1. What is k(a)?
-4
Let o(b) = b**3 + 2*b + 2*b - 3*b - 3*b**2 - 1 - 2. Determine o(3).
0
Let k(s) be the second derivative of -s**3/6 - s**2 + 4*s. Let h be k(-7). Let y(d) = -d + 1. Give y(h).
-4
Let m be (-15)/45 - (-38)/6. Let r(c) = -c**2 + 5*c + 2. Determine r(m).
-4
Suppose 0*o - 4*o - 16 = 0. Let b(h) = -3*h**2 + 2*h + 6. Let x(v) = -2*v**2 + v + 4. Let u(m) = 5*b(m) - 8*x(m). Determine u(o).
6
Let r(j) = -10*j**3 + 3*j**2 - 2*j + 3. Let f(u) = u**3 - u**2 - 1. Suppose 12 + 0 = -3*c. Let b(s) = c*f(s) - r(s). Determine b(-1).
-6
Let o(p) be the first derivative of p**5/24 - 4*p**3/3 + 6. Let w(u) be the third derivative of o(u). What is w(1)?
5
Let h = 10 - 6. Suppose 15 = 7*g - h*g. Suppose -4*u + o = -21, g = 3*u - 3*o - 13. Let w(v) = -v - 2. Calculate w(u).
-7
Let b be (-16)/(-3) + (4 - 50/15). Let y(x) = x - 4. Determine y(b).
2
Let q(i) = -7*i**3 - i**2 + i + 1. Let p = 7 + -15. Let d(c) = 11*c**3 + c**2 - 2*c - 2. Let j(x) = p*q(x) - 5*d(x). Determine j(-2).
2
Let i(y) = -4*y**2 - y. Suppose -5*v + 5*g - 2 = -7, -3*g + 3 = -2*v. Suppose v*q - 4 = 2*q. Calculate i(q).
-5
Let y(z) = -2*z - 21. Let s be y(-9). Let m(h) = h**2 - 2. What is m(s)?
7
Let z(p) = -p**2 - 7*p - 6. Let s(f) = -f**2 - 3*f + 6. Let v(d) = -d**2 - 4*d + 6. Let t(q) = -3*s(q) + 2*v(q). Let r be t(0). What is z(r)?
0
Suppose 2*r - 3*r = 0. Let v(h) = h - 4. Give v(r).
-4
Let m(v) = -v**3 - 2*v**2 + v - 4. Suppose -5*n = -13 - 17. Let w be ((-8)/(-10))/(n/(-30)). Let b = -7 - w. Determine m(b).
2
Let t be (3/18)/1 + (-172)/24. Let z(q) = -q**2 - 10*q - 6. Determine z(t).
15
Let n(o) be the second derivative of -o**4/12 + 4*o**3/3 + 11*o**2/2 + 2*o. Calculate n(9).
2
Let o(m) = m - 7. Let n be (-1)/4 + (-329)/(-4). Let u = -57 + n. Suppose -4*s = 5*x - 9 - 1, -5*x - u = -3*s. Calculate o(s).
-2
Let k(d) = 63 - d + 73 + 66 - 200. Give k(3).
-1
Let h be 1 + 0 - 2/(-2). Suppose 0 = -h*z - 3*z + 2*f - 4, z + 4 = 2*f. Let n(b) be the first derivative of b**2/2 + 6*b + 26. Calculate n(z).
6
Let t(m) = m**2 + m